se 12, what is 324069b + -4?
3240697
In base 16, what is -109ce9 + -aa?
-109d93
In base 2, what is 10110011101010100011 + -1111?
10110011101010010100
In base 12, what is 4 + -6512258?
-6512254
In base 11, what is -3 + -1331422?
-1331425
In base 3, what is -1102101122 - -1012010020?
-20021102
In base 6, what is 152514030 - 43?
152513543
In base 7, what is -1115131 + -42021?
-1160152
In base 5, what is 0 + -21410024?
-21410024
In base 6, what is 1415455 + -3412?
1412043
In base 7, what is 1030 - 603260?
-602230
In base 14, what is -2239b - 39?
-223d6
In base 5, what is 204311231302 - 0?
204311231302
In base 6, what is 120 - 411011?
-410451
In base 11, what is -72506 - 189?
-72694
In base 10, what is 18412 - 485?
17927
In base 14, what is -140c3c + 193?
-140a89
In base 7, what is 16434556 - 2?
16434554
In base 11, what is -1418a01 + 0?
-1418a01
In base 13, what is -111c9 + -1657?
-12853
In base 16, what is -d + 1b5a45?
1b5a38
In base 15, what is 5 - -8ea677?
8ea67c
In base 6, what is 4102055 + 203?
4102302
In base 7, what is -13220321 - 314?
-13220635
In base 12, what is -17356 - -2107?
-1524b
In base 4, what is -101332 - -111300?
3302
In base 2, what is -101100010110111011110 + -100?
-101100010110111100010
In base 15, what is 1c4185 + 48?
1c41cd
In base 10, what is -19 + -253094?
-253113
In base 10, what is -2127921 + -4?
-2127925
In base 9, what is 7 - -45837?
45845
In base 3, what is 102200 - -1021002122?
1021112022
In base 4, what is -3 - -100021201012?
100021201003
In base 6, what is -34122245 + 152?
-34122053
In base 2, what is 101000110 - 10111010010000011?
-10111001100111101
In base 10, what is 5 + -47722785?
-47722780
In base 15, what is 1b3c7 - -16?
1b3dd
In base 7, what is -50 - -130365?
130315
In base 15, what is -add0 - 11a?
-aeea
In base 5, what is 40133 - -3332?
44020
In base 7, what is 12 - 34433200?
-34433155
In base 2, what is -101111 - 10000011100111001010110?
-10000011100111010000101
In base 13, what is 5 + 7c0171?
7c0176
In base 10, what is -3 + 17049612?
17049609
In base 16, what is -46c6 + 5b0?
-4116
In base 6, what is -12 + -12554124?
-12554140
In base 15, what is -2 + ac618e?
ac618c
In base 7, what is -20560 + 2020?
-15540
In base 3, what is 11002222201100120 - 0?
11002222201100120
In base 7, what is 4 + -2243540266?
-2243540262
In base 2, what is 11100010101100111001010 - 111?
11100010101100111000011
In base 8, what is 20101 + 166537?
206640
In base 3, what is 100 + -100101100011210?
-100101100011110
In base 7, what is 52535 + 1245?
54113
In base 7, what is 1066654 - -14332?
1114316
In base 8, what is 634 + 41071?
41725
In base 15, what is c8c60 - 5?
c8c5a
In base 16, what is -5480 + -1afd?
-6f7d
In base 2, what is -10100110000000010001 - -10001111?
-10100101111110000010
In base 14, what is 5 - -245088?
24508d
In base 9, what is 570318 - 30?
570278
In base 10, what is -6117006 - -5?
-6117001
In base 6, what is 22 + -24322450?
-24322424
In base 12, what is -370 - -24069?
238b9
In base 6, what is 300553342 - -5?
300553351
In base 12, what is -2506a85a - 1?
-2506a85b
In base 9, what is 14076 - -288706?
313783
In base 5, what is 12042143344111 - -1?
12042143344112
In base 7, what is 2 - 453050555?
-453050553
In base 5, what is 1340 + -2001112?
-1444222
In base 2, what is 10000000001110110001101011101 - -11?
10000000001110110001101100000
In base 10, what is 673473 + 4?
673477
In base 10, what is 9560 + -14941?
-5381
In base 15, what is 102c44 + 62?
102ca6
In base 12, what is -5 + -33a034b?
-33a0354
In base 13, what is -746bb9c - -2?
-746bb9a
In base 6, what is -1 - -4530035515?
4530035514
In base 4, what is 1331232112 - 130?
1331231322
In base 8, what is -32467306 + -3?
-32467311
In base 4, what is -103123322230 - -31?
-103123322133
In base 12, what is -808aa53 - 3?
-808aa56
In base 12, what is -4558347 - -8?
-455833b
In base 2, what is -1 + -10100100001110001000110?
-10100100001110001000111
In base 12, what is -2528b6 - -4a?
-252868
In base 6, what is -104 + 1132345125?
1132345021
In base 13, what is -3b2 + 1c46?
1864
In base 11, what is -139 - -1289228?
128909a
In base 13, what is 8c7726 + -2c?
8c76c7
In base 6, what is 442552 - 245144?
153404
In base 4, what is 13002000010 + 3121?
13002003131
In base 8, what is -104066 + -7556?
-113644
In base 13, what is -36b775c - 8?
-36b7767
In base 12, what is -46424 - 15?
-46439
In base 3, what is -122110211 - 100120?
-122211101
In base 14, what is -63d8 - -485?
-5d53
In base 12, what is -1221301 + -29?
-122132a
In base 3, what is -2212021012111102 + 11?
-2212021012111021
In base 9, what is -35 + -7548874?
-7550020
In base 16, what is -17698 + 3b7?
-172e1
In base 4, what is 23302 + 21132130?
21222032
In base 8, what is -2 - -543157701?
543157677
In base 11, what is -563a - -10509?
597a
In base 3, what is 1 - -1201012210220201?
1201012210220202
In base 15, what is 40 + 597ce4?
597d34
In base 13, what is -2 + -88a254?
-88a256
In base 7, what is 5 + -34131540?
-34131532
In base 10, what is -8673 - 3529?
-12202
In base 15, what is -300675a + 3?
-3006757
In base 14, what is 62d + 715?
d44
In base 16, what is -1a335 + -e8?
-1a41d
In base 9, what is -103808 - -2?
-103806
In base 7, what is 241626562 - 2?
241626560
In base 8, what is 0 - 32453710?
-32453710
In base 8, what is 331047364 + -4?
331047360
In base 15, what is -397c + 1167?
-2815
In base 7, what is -24050041 + 2?
-24050036
In base 14, what is 22 + 48098?
480ba
In base 9, what is 216557604 + 6?
216557611
In base 5, what is 4243 - 3?
4240
In base 15, what is -2843714c - 1?
-2843714d
In base 9, what is 2 - -45006625?
45006627
In base 9, what is -10084 - -75730?
65635
In base 11, what is -44542427 - 3?
-4454242a
In base 12, what is -1 - 15482881?
-15482882
In base 13, what is -5a - 58c?
-619
In base 12, what is -14803 + -172?
-14975
In base 12, what is aba282 + -257?
aba027
In base 4, what is 31120003 - -111113?
31231122
In base 4, what is 2 - 1110322303300?
-1110322303232
In base 3, what is -122 - 200022202111?
-200022210010
In base 4, what is 11 + 233033332013?
233033332030
In base 14, what is 89 - -1aa66?
1ab11
In base 9, what is 0 + 5088142?
5088142
In base 4, what is -112112103100210 - -2?
-112112103100202
In base 16, what is -7 + 35e15?
35e0e
In base 7, what is 0 + 204023121?
204023121
In base 7, what is -5 - -130010423?
130010415
In base 14, what is 5 + -14602083?
-1460207c
In base 10, what is 14695 - 33611?
-18916
In base 5, what is -11040301023 - -1?
-11040301022
In base 9, what is 1745 + -16665?
-14820
In base 9, what is -5 - 245681648?
-245681654
In base 6, what is -2 + 251304100?
251304054
In base 2, what is -11111010000011110011 + -10000?
-11111010000100000011
In base 16, what is 4a5dee5 + -7?
4a5dede
In base 16, what is 2b0b22 + 3?
2b0b25
In base 11, what is -93a151 - 48?
-93a199
In base 7, what is 1 + 64444102?
64444103
In base 11, what is -3 - 25034614?
-25034617
In base 3, what is -101 - 2020210220020?
-2020210220121
In base 10, what is 35770941 + -8?
35770933
In base 7, what is 2506 - 53323?
-50514
In base 10, what is 4927983 + 3?
4927986
In base 3, what is -1020021010 - -21111020?
-221202220
In base 15, what is -38cdb - -25?
-38cb6
In base 13, what is 209 - -30b2?
32bb
In base 15, what is 41 + 16712c?
16716d
In base 5, what is -3402244 - -4144?
-3343100
In base 8, what is -355413 + -35?
-355450
In base 8, what is 3042701 + -36?
3042643
In base 11, what is -9 - 361169?
-361177
In base 2, what is 101 - -111110100011101100011110001?
111110100011101100011110110
In base 2, what is -11001011111011100011100110000 + -101?
-11001011111011100011100110101
In base 3, what is -200012110 - 201110201?
-1101200011
In base 15, what is 5ba - 1248?
-b7d
In base 16, what is -431bc + -4?
-431c0
In base 2, what is 1011000011111011101101 - 1?
1011000011111011101100
In base 3, what is 21002010010102222 - -10?
21002010010110002
In base 9, what is -1168460658 - -5?
-1168460653
In base 5, what is 114 + 10344041432?
10344042101
In base 10, what is 9642469 - -34?
9642503
In base 5, what is 3242 + 104200?
112442
In base 6, what is -1 + 20021004045?
20021004044
In base 9, what is 14 - -1875513?
1875527
In base 8, what is -6704 + 14404?
5500
In base 7, what is -1 - -161466350?
161466346
In base 13, what is -7 + 65504?
654ca
In base 9, what is 